e factors of y(7).
3, 31, 67
Let c = -143 + 147. Suppose -8*p = -3*p + 3*h - 1075, h = c*p - 877. What are the prime factors of p?
2, 109
Let f = 4729 + 5808. What are the prime factors of f?
41, 257
Suppose -19*a = -18*a, -5*b - 2*a + 22660 = 0. What are the prime factors of b?
2, 11, 103
List the prime factors of (342/12)/((-57)/(-29374)).
19, 773
Suppose 34 = 5*u - 5*f - 6, 2*u + 3*f + 9 = 0. Let j be (u/(-5))/(36/(-120)). Let g(r) = 24*r**2 - 3*r + 5. List the prime factors of g(j).
5, 19
Let f = -11688 - -25589. List the prime factors of f.
13901
Suppose -469290 = -42396*o + 42386*o. List the prime factors of o.
3, 15643
Let u = -96 - -99. Suppose -419 = -3*v + 4*l, 0 = v - u*v - 2*l + 284. Let m = v - 9. List the prime factors of m.
2, 3, 11
Suppose -3*k + 63 - 57 = 0. Let q be (k/(8/12))/((-3)/(-4)). Suppose i + 2 = q, -5*t = -2*i - 1441. What are the prime factors of t?
17
What are the prime factors of ((-79854)/(-40) - (-6)/(-60))/((-2)/(-16))?
2, 5, 1597
Let b be -63*(3 + -5 - 4). Let p = -245 + b. Let g = p + 12. List the prime factors of g.
5, 29
Let j be (852/56 + 2/7)*2. Suppose -5747 = -j*d + 28725. What are the prime factors of d?
2, 139
Let w = 43422 - 31139. What are the prime factors of w?
71, 173
Let a = -7905 + 51297. List the prime factors of a.
2, 3, 113
Let a be 3/(-24)*2 + 774/(-8). Let o = -94 - a. List the prime factors of 200 + (0/o - 0).
2, 5
Let r = 6384 - 810. List the prime factors of r.
2, 3, 929
What are the prime factors of ((-17315)/(-2) - 4) + (8 - (-13)/(-2))?
3, 5, 577
Let c(p) be the first derivative of p**4/2 - 4*p**3 + 6*p**2 - 30*p - 148. What are the prime factors of c(9)?
2, 3, 47
Let x(i) = i**3 + 10*i**2 + 18*i - 8. Let m be x(-4). Let v(u) = u**3 - 16*u**2 + 24. Let o be v(m). Suppose 19*a + 495 = o*a. List the prime factors of a.
3, 11
Suppose 81289 = 20*h - 201651. List the prime factors of h.
7, 43, 47
List the prime factors of 15470300/335 - (1 - -1).
2, 11, 2099
Suppose -21*k + 17*k + 4*y + 98764 = 0, 4*k = -5*y + 98818. List the prime factors of k.
24697
Suppose 0 = 23*z - 28*z + 20. Suppose 4*x = -x, -2*p - 8 = -z*x. What are the prime factors of -2 + (p - 28/(-4)) - -143?
2, 3
Suppose 0 = -2*a - 7*g + 8*g + 34272, g = a - 17135. List the prime factors of a.
17137
Let w = 1896 + -726. What are the prime factors of w + 3 - (-2 - -9)?
2, 11, 53
Let m = 39933 + -20270. List the prime factors of m.
7, 53
Suppose 0 = -5*o + 2*w + 17451 - 2239, -5*w = -2*o + 6089. Suppose o = 37*g - 31*g. List the prime factors of g.
3, 13
What are the prime factors of 6/(-21) + 3424/(-12)*(-888)/14?
2, 9049
Let f be ((-2)/(-10) + 1)/(3/(-30)). What are the prime factors of (-3872)/f - ((-48)/9 + 4)?
2, 3
Let l be 3 + (1/1 - 8). Let a be ((-2608)/32)/(2/l). Let r = a + -76. List the prime factors of r.
3, 29
Suppose -171834 = -75*o + 62*o. What are the prime factors of o?
2, 3, 2203
List the prime factors of (-14 + 20)*4918/12.
2459
Suppose -3*r + 7 = 4*r. Suppose -3*m = 4*u - r + 7, 5*u + 5*m + 10 = 0. Suppose 5*t + 63 - 338 = u. What are the prime factors of t?
5, 11
Let o = -23 - -41. Let t = -50 + 70. Suppose 62 = -o*k + t*k. List the prime factors of k.
31
Let n(i) = -1048*i - 1817. List the prime factors of n(-18).
17047
Let n be (-26)/169 - (-126)/(-26). Let y(t) = -5*t + 21. Let g(x) = -x + 4. Let a(r) = 11*g(r) - 2*y(r). List the prime factors of a(n).
7
What are the prime factors of 2 + 2 + ((-14)/77 - 451644/(-33))?
2, 5, 37
Suppose -6*g + 1098 = -5*g - 3*d, -5*g = -5*d - 5500. Suppose 1099*i - g*i = -2900. List the prime factors of i.
2, 5, 29
Let i(c) = 107*c + 236. What are the prime factors of i(42)?
2, 5, 11, 43
Let l = 1361 + 19. Suppose 58*t = 62*t - l. What are the prime factors of t?
3, 5, 23
Let q = -757 - -787. Suppose 4*l = 4, q*p = 25*p - l + 7676. What are the prime factors of p?
5, 307
Let y(w) = -139*w + 122. Let r(v) = 93*v - 81. Let t(i) = 7*r(i) + 5*y(i). List the prime factors of t(-8).
5, 79
Let s(y) = -y**2 - 14*y - 6. Let i be s(-12). Suppose 5*n - 7 = i. Suppose -d + n*d - 388 = 0. List the prime factors of d.
97
Let v(z) = 19*z**2 - 5. Let i be 87/18 + -5 + (-124)/(-24). Let o be v(i). Suppose 0*w = -5*w + o. List the prime factors of w.
2, 47
Suppose 4*l = 5*l + 1, 5*r = -3*l - 63. Let k = 51 + 1. Let t = r + k. List the prime factors of t.
2, 5
Suppose -2*g - 5*n - 2233 = 992, -2*g - 3224 = 4*n. Let r = -698 - g. What are the prime factors of r?
2, 3, 19
Suppose 533 = 29*m - 279. Suppose m*h - 37*h + 4320 = 0. List the prime factors of h.
2, 3, 5
Suppose -5*q - 3 = x - 20, 0 = -4*q + 3*x + 25. Suppose 3188 = q*b + 3*r, -3985 = -5*b - 3*r + r. What are the prime factors of b?
797
What are the prime factors of (-2452340)/55*(-3)/6 + -2?
2, 5573
Let t be 5 + ((-2)/10 - (-266)/(-95)). Suppose 5*u - 23 - 67 = -t*v, -5*v + 187 = 3*u. List the prime factors of v.
5, 7
Let w = 45 - 43. Suppose -5*c = -x - 570, -c + 30 = -w*x - 84. What are the prime factors of c?
2, 3, 19
Suppose -4*t = 4, 4*t = 3*q - 0*t - 65299. List the prime factors of q.
3, 5, 1451
Suppose -16*n + 3*z = -21*n - 192, 0 = 2*n - 2*z + 80. What are the prime factors of (-46982)/n + (-3)/(-9)?
5, 241
Let k(f) = 23*f - 118. Let x(b) = 160*b - 825. Let w(r) = -15*k(r) + 2*x(r). What are the prime factors of w(-8)?
2, 5
Let g = 173 + -124. Let q = g + -12. Suppose q*x - 40*x + 348 = 0. List the prime factors of x.
2, 29
Suppose 5*m + 71703 = 4*a, 27*a - 24*a - 53781 = 3*m. What are the prime factors of a?
2, 4483
Suppose -3*g + 3 + 6 = 3*l, -2*g = -2*l - 2. Let c(y) = -155 + 0*y**g + 50 + 31*y + 41 - y**2. What are the prime factors of c(28)?
2, 5
Suppose -3*z - 1 = 101. Let s = -60 - z. List the prime factors of (-195)/s - (-2)/4.
2
Suppose -20181 = -16*t + 53808 + 130443. List the prime factors of t.
3, 4259
Suppose 0 = 5*v + 23 - 3, -5*v - 25 = h. What are the prime factors of -38*(234/60)/(1/h)?
3, 13, 19
What are the prime factors of (0 + -1 + -5*(-9)/15)*320?
2, 5
Let m(f) = 21*f + 137 - 129 + 8*f. Let y be m(2). Suppose 0 = -p + 62 + y. What are the prime factors of p?
2
Let i(y) = -y**3 + 14*y**2 - 16*y + 34. Let w be i(13). Let j(t) = 12*t**2 + 4*t - 32. List the prime factors of j(w).
2, 31
Suppose 2*v + 7 - 13 = 0. Suppose -9 = -3*s, -3*f = -s - v*s. Suppose -3 = -k, -f*k - 262 = -u + k. List the prime factors of u.
277
Suppose -5*m - 214 = -3*k, -2*k + 6*m - 10*m = -106. Let g = 417 - k. List the prime factors of g.
2, 3, 59
Let l be (-2)/9 + 66/54 + 63. What are the prime factors of 6712/l - (-2 - (-45)/24)?
3, 5, 7
Let m = -5538 + 11960. List the prime factors of m.
2, 13, 19
Let n(d) = -153*d**3 + 2*d**2 + 25*d + 103. List the prime factors of n(-4).
31, 317
Suppose 4*i = 9*i - 3*n - 4461, i - 882 = 4*n. Let b = -441 + i. What are the prime factors of b?
3, 151
Suppose 0 = -u + 3*u + 30. Suppose 12*n = -7*n + 57. Let o = n - u. What are the prime factors of o?
2, 3
Let c = -56145 - -90134. List the prime factors of c.
41, 829
Let x(m) = 6*m**2 - 4 - 15*m**2 + 12 + 10*m**2 + m. What are the prime factors of x(-7)?
2, 5
Let z = -775 - -4528. List the prime factors of z.
3, 139
Suppose 2593297 + 1175507 = 234*t. List the prime factors of t.
2, 8053
Let v(n) = 3*n + 15. Let t be v(-5). Suppose t = -6*q + 3*q + 9. Suppose -844 + 176 = -5*p + 2*m, 408 = q*p - 3*m. List the prime factors of p.
2, 3, 11
Let c(o) = -22*o**3 + 19*o**2 - 17*o - 155. What are the prime factors of c(-11)?
101, 313
List the prime factors of (15 - 16 - -4721) + -10*1.
2, 3, 5, 157
Suppose 6*q + 4730 = 11*q. Let y = q + -535. Suppose p + p + 162 = 2*w, 5*w - y = -p. List the prime factors of w.
2, 41
List the prime factors of (-2*1 - -6627) + (-195 - -201).
19, 349
Let j be (-146118)/(-105) + ((-6)/10 - -1). Suppose j = h - 2. List the prime factors of h.
2, 17, 41
Let i = -200 - -393. Let u = i - -160. List the prime factors of u.
353
Suppose -2*t + 440 = 20*t. Suppose t*r - 13076 = 3504. List the prime factors of r.
829
Let w be (-75)/(-27) - (70/(-45))/7. Let t(a) = -a**w - 6*a + 24*a**2 + 2*a - 41*a**2 - 4. List the prime factors of t(-17).
2
Let j be ((-8)/(-3))/((-7)/(-630)) + 4. Let n = -65 + j. List the prime factors of n.
179
Suppose 4*o + 1302 = x - 1036, 1756 = -3*o + 2*x. Let n = 623 + o. What are the prime factors of n